4*c - 107 + 7. Suppose -2*a + 4*a = t + c, -5*a - 3*t + 79 = 0. Suppose -4 = 3*k - 10. What is the greatest common factor of a and k?
2
Let s = 11 - 10. Suppose -2*p + s = -3. Suppose 0 = -3*y + 2*m + 70, -2*y + 0*m = -5*m - 54. Calculate the highest common factor of y and p.
2
Let a = 57 + -31. Calculate the greatest common factor of a and 65.
13
Let i(u) = 12*u**2 + 3*u + 3. Let y be i(3). Let p(d) = 2*d**2 + 2*d + 3. Let t be p(-3). Calculate the greatest common factor of t and y.
15
Suppose 116 + 64 = 5*g. Let s(m) = 2*m**2 - 7*m + 8. Let p be s(4). Calculate the greatest common divisor of p and g.
12
Suppose 307 + 81 = 3*t + n, 2*n - 389 = -3*t. Suppose -3*p - 249 = -5*v, 0*p - 5*p + t = 3*v. Calculate the greatest common factor of v and 12.
12
Let p(t) = -t**2 - 15*t - 27. Let q be p(-6). What is the highest common factor of 27 and q?
27
Let r be 10/4*36/18. Suppose 81 = -5*d + 2*t + 447, -t = -r*d + 363. What is the greatest common divisor of d and 8?
8
Let q(i) = 30*i + 4. Let z be q(8). Suppose -2*h - 3*m = -z, -m + 5*m = -3*h + 365. Calculate the highest common divisor of h and 17.
17
Let q be (-60)/(-8) + (-1)/(-2). Calculate the highest common divisor of q and 88.
8
Suppose -4*n - z = -18, -2*n + 7*z = 3*z. Suppose 2*u - 8 - 32 = 0. What is the highest common factor of u and n?
4
Let y = 0 - 1. Let o be (y/2)/(1/(-8)). Calculate the highest common divisor of 8 and o.
4
Let t(h) = h**2 - 2*h - 5. Let a be t(4). Suppose 0 = -s - 4*s. Suppose 128 = 2*c + 3*v - v, 3*v - a = s. What is the highest common factor of c and 9?
9
Suppose 0 = -8*f + 174 + 298. Calculate the greatest common divisor of f and 118.
59
Suppose 3*s = -s. Suppose 4*f - 115 + 27 = s. Calculate the highest common divisor of 220 and f.
22
Let n(x) = x**3 - 2*x + 10. Let h be n(0). Let k be 249/6 - 15/h. What is the greatest common factor of k and 10?
10
Let i = -9 + 13. Suppose -4*d + 5*k - i + 16 = 0, 15 = 5*d - 2*k. What is the highest common factor of d and 1?
1
Let z = 31 + -16. Calculate the highest common divisor of z and 135.
15
Let k = -1 + 5. Suppose -o + 63 = 4*h - 4*o, -k*o = 20. What is the greatest common divisor of 96 and h?
12
Let m be -2 - (-1)/((-1)/(-7)). Suppose 3*z = z + 90. What is the greatest common factor of z and m?
5
Let m = -7 - -4. Let q be (24/(-9))/(m/90). What is the highest common factor of q and 10?
10
Let n be (2/(-12)*-4)/(4/30). Calculate the greatest common divisor of 15 and n.
5
Let y be ((-207)/46)/(2 + (-9)/4). Calculate the highest common divisor of 24 and y.
6
Let x = -312 - -521. What is the highest common divisor of 19 and x?
19
Let i be 4/(5 + (-24)/5). What is the greatest common divisor of i and 90?
10
Suppose g - 7*f + 12*f - 66 = 0, f = 5*g - 382. What is the greatest common factor of 190 and g?
38
Let a be (-237)/(-15) - 3/(-15). What is the highest common divisor of 64 and a?
16
Suppose -4*r = 3*k + k + 4, 3*k + 5*r + 11 = 0. Let q = 0 + k. Suppose -21 = -4*z - 5*o, -q*z + 7 = 5*o - 10. What is the greatest common factor of z and 4?
4
Suppose 0 = -u + 5*u - 4, a = u + 10. What is the highest common factor of 11 and a?
11
Let i be (-9 + 7)*(-90)/4. Let y be 15*(0 - (-2 + 1)). What is the greatest common factor of i and y?
15
Suppose 5*y - 373 = -4*x, 2*x + 11 = -5*y + 390. What is the greatest common factor of y and 7?
7
Let w = 3 + -2. Let z be w + 1 - (-1 + 3). Suppose 4*m - 74 - 118 = z. What is the highest common divisor of m and 16?
16
Let c be 2 - -6*3/(-2). Suppose -3*p = -50 + 8. Let k = p + c. Calculate the highest common divisor of 56 and k.
7
Let f(u) = u**3 - u**2 - 3*u - 4. Let i be f(3). Let z(j) = 2 + j**2 + i - j + 1. Let v be z(9). What is the greatest common divisor of 10 and v?
10
Let d = 1 - -9. Let a be (-15)/(-2)*10/(-15). Let z(b) = -23*b - 5. Let i be z(a). Calculate the greatest common factor of d and i.
10
Suppose 4*x - 188 - 172 = 0. Let n = -11 + 21. Calculate the highest common divisor of x and n.
10
Let g be (25/3)/((-10)/(-240)). Let u = g - 53. What is the highest common divisor of 21 and u?
21
Let b(s) = -28*s**3 + s**2. Let n be b(-1). Suppose -2*v - 25 = -7*v + d, -5*d = -v + n. What is the highest common divisor of v and 8?
4
Let v = -48 - -87. Let g be (-3 + 1 - -5)*v. Calculate the highest common factor of g and 13.
13
Let n = 8 + 0. Let w be (-4)/22 - 138/(-33). Suppose 14 - 2 = m + 4*z, w*m + 2*z = 90. What is the highest common factor of n and m?
8
Let q be 10/(-20)*(-40)/2. Calculate the highest common divisor of q and 15.
5
Let r = -43 - -53. What is the highest common factor of r and 2?
2
Suppose -a - 1 + 4 = 0. Let r be a/12 - (-7)/4. What is the highest common factor of 18 and r?
2
Suppose -3*y + 81 = -0*z + 2*z, -2*y - 102 = -3*z. Let h be 208/z - 2/(-9). What is the highest common factor of h and 15?
3
Let q = -19 + 23. Suppose 5 + 27 = q*g. Calculate the greatest common divisor of g and 8.
8
Let f be 44/36 + 4/(-18). What is the greatest common factor of f and 11?
1
Suppose -4*w = -1 - 111. Suppose -u + w = 3*u. Let r = -16 + 30. What is the highest common factor of r and u?
7
Let a be 2 - (-3 - -3) - -33. What is the greatest common factor of 140 and a?
35
Let m(f) = f. Let x be m(5). Suppose -1 - 1 = b. Let i = x - b. What is the greatest common divisor of 1 and i?
1
Let w be 2010/(-3)*3/(-6). Suppose 4*n - 113 = w. Calculate the highest common divisor of 14 and n.
14
Let v = 2 - 2. Suppose -h + 15 = -5*s, v = 5*h + 2*s - 50 + 2. What is the highest common factor of 40 and h?
10
Suppose 0 = 2*q + 5*d - 260, -2*q + 2*d = -4*q + 248. What is the highest common factor of q and 80?
40
Let z = -4 - -12. Let q(i) = i**3 - i**2 + 2. Let c be q(0). Suppose -c*a + z = -0*a. Calculate the greatest common divisor of a and 10.
2
Let a be 0 - (1 + 1) - -14. Let u be ((-2)/5)/(2/(-20)). Let x be 84/15 + u/10. What is the highest common divisor of x and a?
6
Let j be 2 - ((-4)/2 + 128). Let w be (-8)/20 - j/10. Let d be (-33)/(-9)*(35 - -1). What is the highest common factor of w and d?
12
Let q = 342 - 166. Calculate the highest common factor of 11 and q.
11
Let h be (-3 - -14) + 4/1. What is the highest common divisor of h and 6?
3
Let k(o) = -o**3 - o**2 + 9. Let i be k(0). Suppose f + 40 = 3*x, 5*x - i = f + 59. Calculate the greatest common divisor of 56 and x.
14
Let i(f) = -9*f - 6. Let a be i(5). Let k be -2 + a*(-1)/3. What is the highest common factor of k and 165?
15
Let h(r) = -11*r + 16. Let o be h(7). Let j = -29 - o. Calculate the highest common factor of j and 4.
4
Suppose 3 = 5*s - 4*c - 117, c = -5*s + 145. Suppose 2*j = -2*b - 0*j + 18, -b + 5*j - 3 = 0. What is the greatest common divisor of s and b?
7
Suppose 5*x = -3*d + 7, 6*d + 2*x + 6 = 7*d. Suppose -3 = -5*y + 7. Suppose -d*t + 126 = -y*t. Calculate the highest common factor of 7 and t.
7
Let o be 90/4 - 16/(-32). Calculate the highest common divisor of 69 and o.
23
Let z = 106 - 73. Calculate the highest common factor of z and 22.
11
Let y(u) = u**3 + 6*u**2 - 7*u + 5. Let j be y(-6). Calculate the greatest common factor of j and 329.
47
Suppose 3*b = 5*b + 22. Let u = -5 - b. Calculate the highest common divisor of 12 and u.
6
Let s(w) be the second derivative of -w**5/4 + w**3/6 + w**2 - w. Let v be s(-2). What is the highest common divisor of 60 and v?
20
Suppose 2*z = -2*z. Suppose 0 = -z*o + 3*o - 69. Calculate the greatest common divisor of o and 184.
23
Suppose 13 + 14 = s. Calculate the greatest common divisor of 108 and s.
27
Let i(h) = -h**2 - 7*h + 4. Let r be i(-6). Let n be (-425)/r*16/(-10). Let q = n - 35. Calculate the greatest common divisor of q and 22.
11
Suppose -5*c = -4*i - i + 80, -i = 3*c - 12. Suppose 3*m - 18 = -3*r, 4*m + m = i. What is the greatest common divisor of r and 27?
3
Suppose -2*a - a = -9. Let f be 430/30 - 1/a. What is the highest common divisor of f and 126?
14
Let m(l) = l**2 + 8*l + 9. Let j be m(-7). Let t(n) = 2*n**2 - 3*n + 2. Let b be t(j). What is the highest common factor of 2 and b?
2
Suppose 5*v = 3*j + 8, -4*j - 1 = 2*v + 1. What is the highest common divisor of v and 7?
1
Suppose 4*k - 3*s = 118 + 506, 5*k - 2*s - 773 = 0. What is the highest common factor of k and 17?
17
Let v(u) = -3*u**3 - 4*u**2 + 6*u + 1. Let d be v(-5). Let f = d + -111. Calcula